 + -3 - -15?
9
Let r = 17 - 26. Let t be (r/5)/((-12)/40). Suppose -69 = -t*f + 117. Calculate the remainder when 89 is divided by f.
27
Suppose 5*k + 103 = 353. What is the remainder when 197 is divided by k?
47
Suppose 4*a - 6 - 44 = -2*l, 3*a = 5*l + 31. Suppose 0*n = -4*n + a. What is the remainder when 21 is divided by n?
0
Let g = 21 - 30. Calculate the remainder when -11 - g - (1 + (-138)/2) is divided by 23.
20
Let o = -201 - -219. Calculate the remainder when 25 is divided by o.
7
Let y(x) = -x**3 + 39*x**2 - 68*x - 21. Calculate the remainder when y(37) is divided by 4.
1
Let v = 163 + -113. What is the remainder when 53 is divided by v?
3
Let k(r) = 2*r. Let t be k(0). Suppose -5*w - 23 = -t*g - 2*g, 2*w - 82 = -4*g. Suppose 68 - g = v. Calculate the remainder when v is divided by 13.
10
Let q = -28 - -53. Suppose 0 = -t + 103 - 32. Calculate the remainder when t is divided by q.
21
Let c(h) = h**2 + 5*h + 1. Let v be c(-7). Suppose v*q - 16*q - 42 = 0. Calculate the remainder when 12/q*(-203)/1 is divided by 31.
27
Suppose -3*i = -166 - 182. Suppose 3*t = -t + i. What is the remainder when t is divided by 10?
9
Let f(p) = -16*p + 475. What is the remainder when 708 is divided by f(15)?
3
Calculate the remainder when 320*4/3 - (-44)/(-66) is divided by 72.
66
Let p(x) = x + 1. Let k(w) = 77. Let a(m) = k(m) + 2*p(m). Calculate the remainder when 73 is divided by a(-30).
16
Let h = 11 - 6. Let z = h + 16. Suppose 0 = n + 4 - z. What is the remainder when 48 is divided by n?
14
Let y(n) = -19*n. Let w be y(-2). Suppose -123 + w = -5*m. Suppose -5*a - 3*p + 7 = -30, -2*a + m = -p. Calculate the remainder when 21 is divided by a.
5
Suppose 0 = -0*i - 2*i + 36. Suppose 4*o - o - 153 = 0. Let a = o - i. Calculate the remainder when a is divided by 9.
6
Let w = 21 + -1. What is the remainder when w is divided by 225/21 - 4/(-14)?
9
Let x = -2872 + 3126. What is the remainder when x is divided by 16?
14
Let a(t) = -t**3 + 21*t**2 - 16*t - 3. Let z be 4/(-14) + (-69)/(-21). Let l = z + 23. Calculate the remainder when a(20) is divided by l.
25
Let r(b) = 6*b - 16. Let p be r(9). Let f = p - 28. What is the remainder when 29 is divided by f?
9
Suppose -134 - 12 = c. Let m = -88 - c. What is the remainder when m is divided by 12?
10
Let j = -1444 + 1513. What is the remainder when 194 is divided by j?
56
Let f(w) = w**2 + 5*w + 23. Let z(x) = 2*x**2 + 2*x. What is the remainder when f(-8) is divided by z(3)?
23
Let g(q) = -q**3 + 24*q**2 + 18*q + 212. What is the remainder when 402 is divided by g(25)?
32
Let p be ((-18)/(-4))/(-3)*-20. Suppose -42 = -12*l + p. What is the remainder when 76 is divided by l?
4
Let d be (-31)/(-5) - 5/25. What is the remainder when 99 is divided by (-10)/(-3)*(-1 + -2 + d)?
9
Let d = 37 + -23. Calculate the remainder when 24 is divided by d.
10
Let n = 971 - 633. What is the remainder when n is divided by 68?
66
Let z(h) = 10*h + 10. Let u be z(9). Let n = -73 + u. Calculate the remainder when 77 is divided by n.
23
Let d(v) = 9*v - 264. What is the remainder when 95 is divided by d(32)?
23
What is the remainder when 226/5 - (-104)/130 is divided by 14?
4
Suppose 5*z = 6*z + 135. Calculate the remainder when ((z/6)/(-5))/(2/16) is divided by 21.
15
Let g(w) = -w**2 + 9*w + 3. Let s(m) = -2*m**2 + 11*m + 13. Let y be s(6). What is the remainder when g(y) is divided by 4?
1
Suppose 1369*q - 1360 = 1365*q. Calculate the remainder when q is divided by 19.
17
Let s = 12 + -2. Let a be s*(-3)/12*4. Let t = -3 - a. Calculate the remainder when 13 is divided by t.
6
Suppose 6*u - 3*z = 3*u + 3, u - 5 = 5*z. Suppose 5*h - 2*f - 3*f - 60 = u, 0 = 2*h + 2*f - 16. Calculate the remainder when 17 is divided by h.
7
Let n = -22 + 24. Suppose 40 = n*p - 30. Calculate the remainder when p is divided by 19.
16
Let c(k) = k**3 - 5*k**2 - 12*k + 39. Calculate the remainder when 13 is divided by c(6).
1
Suppose -2474 = -5*q + s, 4*s + 2477 = 5*q + 6*s. Calculate the remainder when q is divided by 84.
75
Let u = 332 - -279. Calculate the remainder when u is divided by 41.
37
Let g = 19 - -1. Let i(v) = 5*v**2 + 3*v - 12. What is the remainder when i(-5) is divided by g?
18
Let m(x) = 4*x + 19. Let k(u) = 7*u + 39. Let f(t) = 6*k(t) - 13*m(t). What is the remainder when f(-11) is divided by 25?
22
Let i(v) = v**3 - 16*v**2 + 32*v - 10. Calculate the remainder when 225 is divided by i(14).
41
Let k(r) be the first derivative of -2*r**3/3 + r**2/2 - r + 11. Let b be k(0). Calculate the remainder when 9 is divided by b + -2 + (-21)/(-3).
1
Let a(n) = n**2 - 6*n - 1. Let c(p) = p**2 - 6*p. Suppose -l - 2 = -5. Let y(s) = l*a(s) - 4*c(s). Calculate the remainder when 22 is divided by y(3).
4
Let g = 142 + 7. Calculate the remainder when g is divided by 47.
8
Suppose 3*o - 5*r - 11 = 0, -5*o + 3 = 5*r - 2. Let d be 8 - (1 + 1 - o). Let n(m) = 2*m + 16. What is the remainder when n(d) is divided by 17?
15
Let h(t) = -2*t**3 + 4*t**2 + 3*t. Let g be ((-25)/5 - -6)*-1. Let z(m) = -42*m + 9. Calculate the remainder when z(g) is divided by h(-2).
25
Suppose -a - 3*r = -159 + 144, 2*a - 3*r = 57. Calculate the remainder when 138 is divided by a.
18
Let l be 3 - (5 - 4 - 5). Suppose -2*q + 13 = l. Calculate the remainder when q is divided by 3.
0
Let j(s) = 15*s**3 - 4*s**2 + 4*s - 2. Let y = -3014 + 3051. What is the remainder when j(2) is divided by y?
36
Suppose 6*s - 24 = 36. What is the remainder when ((-2)/3)/(s/(-1845)) is divided by 31?
30
Suppose 15*l = 4*l + 55. What is the remainder when (-4)/(-3)*99/6 is divided by l?
2
Suppose -22 = -4*p + 62. Suppose -16*r + 21*r = 410. Calculate the remainder when r is divided by p.
19
Let v(k) = -k**3 - 20*k**2 - 8*k - 99. What is the remainder when 487 is divided by v(-20)?
60
Let s = -8 - -10. Suppose 3*z - 327 = s*z. Let b = 461 - z. What is the remainder when b is divided by 34?
32
Suppose -22*t + 1800 = -7*t. Calculate the remainder when t is divided by 63.
57
Suppose 13*n + 224 = 68. Let y = n + 71. Calculate the remainder when y is divided by 15.
14
Suppose 3*g + 10 = -2*g. What is the remainder when (3 - -35) + g/2 is divided by (-1)/((-2)/26 + 0)?
11
Let x(o) = o + 1. Let q(d) = -d**2 + 23*d + 3. Let u(s) = q(s) - 6*x(s). What is the remainder when u(16) is divided by 4?
1
Suppose 4 = 2*t - 2. Suppose -4*i = m + 3*m - 172, -2*m = -3*i - 111. Calculate the remainder when 16/m*48/2 is divided by t.
2
Suppose 4*t + 83 = -0*t - 3*g, -2*g = -5*t - 75. Let f = t - -239. What is the remainder when f is divided by 45?
42
Suppose -37 = -5*d + 83. What is the remainder when d/(-27)*-6*3 is divided by 5 - (0 - 0)/(-1)?
1
Let p(j) = j**2 - 21*j + 2. Calculate the remainder when p(23) is divided by ((-2)/4)/(1/(-34)).
14
Let a = 39 + -16. Suppose -3*u - 5*b = -86 - 7, -b = -u + a. Calculate the remainder when 51 is divided by u.
25
Suppose -8*s - 8*s = -437 + 53. Let g be (4/10)/((-1)/(-65)). Suppose -g = n - 3*n. What is the remainder when s is divided by n?
11
Let m be 0*(1 - -3)/(-4). Suppose m = 2*k + 1 - 21. Suppose -5*a = -k - 25. Calculate the remainder when 27 is divided by a.
6
Let b(a) = -a**3 - 6*a**2 - 2*a + 6. Let c be (-18)/15*25/5. Calculate the remainder when 53 is divided by b(c).
17
Suppose 5*j + 5*l = 2*l + 222, -184 = -4*j - 4*l. What is the remainder when j is divided by 24?
18
Let u = -6339 + 6371. Suppose 0 = 2*n - 3*n + 5*i + 180, 5*n - 4*i - 942 = 0. What is the remainder when n is divided by u?
30
Let p(j) = j + 3. Let s = -1672 + 1732. Calculate the remainder when s is divided by p(6).
6
Let i(f) = -f**3 - 3*f**2 + 6*f - 53. What is the remainder when i(-7) is divided by 54?
47
Let h(f) = f**3 + 6*f**2 - 12*f - 30. Calculate the remainder when 29 is divided by h(-7).
4
Let i(x) = x**2 + 2*x + 4. Let z be i(-2). Suppose 5*k + 9 = -z*l, l + 0*l = -4*k - 5. What is the remainder when 47 is divided by k - (-104)/12*3?
22
Suppose 2*r + 6*r = 64. What is the remainder when 71 is divided by r?
7
Let l(p) = -50*p**2 - 9*p + 11. Let d be l(5). Calculate the remainder when d/(-24) + 2/(-4) is divided by 27.
26
Let l = -514 + 358. Suppose -d + 25 = 8. Calculate the remainder when 4 + 42/(-10) + l/(-5) is divided by d.
14
Let q(c) be the second derivative of 11*c + 1/2*c**2 + 0 - c